t common divisor of 344 and 4042?
86
Calculate the greatest common factor of 1060 and 848.
212
What is the greatest common factor of 12 and 132?
12
What is the greatest common divisor of 3392 and 576?
64
What is the greatest common factor of 885 and 10?
5
What is the greatest common factor of 47 and 94?
47
Calculate the greatest common factor of 73 and 1168.
73
Calculate the greatest common divisor of 23 and 391.
23
What is the greatest common divisor of 3915 and 54?
27
What is the highest common factor of 1029 and 2898?
21
Calculate the highest common divisor of 1377 and 162.
81
Calculate the highest common divisor of 28 and 53788.
28
What is the greatest common divisor of 4 and 106?
2
What is the highest common factor of 14868 and 12?
12
What is the highest common divisor of 17 and 136?
17
What is the greatest common factor of 120 and 2952?
24
What is the highest common divisor of 9 and 3717?
9
What is the greatest common factor of 93 and 620?
31
Calculate the greatest common factor of 504 and 2184.
168
What is the greatest common divisor of 14 and 350?
14
Calculate the greatest common factor of 64 and 1504.
32
What is the greatest common divisor of 430 and 5375?
215
Calculate the highest common divisor of 34 and 2635.
17
What is the highest common divisor of 288 and 9?
9
What is the highest common factor of 23309 and 1141?
163
Calculate the greatest common divisor of 11604 and 60.
12
What is the greatest common divisor of 8 and 392?
8
Calculate the greatest common divisor of 456 and 57.
57
Calculate the greatest common factor of 62 and 310.
62
What is the greatest common factor of 61 and 1?
1
Calculate the highest common factor of 96 and 10272.
96
Calculate the highest common factor of 102 and 136.
34
Calculate the greatest common divisor of 259 and 7.
7
What is the greatest common factor of 392 and 42?
14
Calculate the highest common factor of 186 and 24.
6
What is the greatest common factor of 3 and 129?
3
What is the greatest common divisor of 622 and 2?
2
What is the highest common factor of 312 and 1128?
24
What is the greatest common divisor of 3281 and 17?
17
What is the greatest common factor of 3789 and 153?
9
Calculate the greatest common divisor of 4731 and 114.
57
What is the highest common divisor of 140 and 39620?
140
Calculate the highest common factor of 377 and 325.
13
Calculate the greatest common factor of 230 and 40.
10
Calculate the greatest common divisor of 60 and 15.
15
Calculate the highest common factor of 162 and 144.
18
Calculate the greatest common divisor of 1184 and 1664.
32
Calculate the highest common divisor of 2160 and 6240.
240
What is the highest common factor of 5681 and 52?
13
Calculate the greatest common factor of 92 and 69.
23
What is the highest common factor of 23791 and 148?
37
What is the greatest common divisor of 3831 and 3?
3
Calculate the highest common divisor of 112 and 84.
28
Calculate the greatest common factor of 87 and 899.
29
What is the greatest common factor of 114 and 1482?
114
What is the greatest common divisor of 4077 and 302?
151
Calculate the greatest common divisor of 6276 and 300.
12
What is the highest common factor of 1 and 227?
1
What is the highest common factor of 34 and 4811?
17
What is the greatest common factor of 5 and 300?
5
Calculate the greatest common factor of 72 and 20232.
72
What is the highest common factor of 1897 and 7?
7
Calculate the highest common divisor of 39 and 4953.
39
What is the highest common factor of 198 and 110?
22
What is the greatest common factor of 1965 and 15?
15
Calculate the greatest common divisor of 143 and 39.
13
What is the greatest common divisor of 2057 and 968?
121
Calculate the greatest common divisor of 1170 and 690.
30
Calculate the greatest common divisor of 33683 and 13.
13
What is the greatest common divisor of 935 and 15521?
187
What is the greatest common factor of 4436 and 8?
4
Calculate the greatest common factor of 286 and 44.
22
What is the greatest common factor of 596 and 30694?
298
Calculate the highest common divisor of 27 and 1089.
9
What is the greatest common divisor of 25572 and 12?
12
What is the highest common divisor of 3290 and 40?
10
What is the highest common divisor of 33 and 132?
33
What is the highest common divisor of 10 and 85?
5
Calculate the greatest common divisor of 35 and 315.
35
Calculate the greatest common divisor of 120 and 196.
4
Calculate the highest common factor of 324 and 60.
12
Calculate the greatest common factor of 4849 and 13.
13
Calculate the greatest common factor of 170 and 5168.
34
Calculate the highest common factor of 224 and 352.
32
What is the greatest common divisor of 90 and 225?
45
Calculate the highest common factor of 33 and 792.
33
Calculate the highest common divisor of 2177 and 2799.
311
Calculate the highest common factor of 11360 and 1440.
160
What is the greatest common factor of 28612 and 933?
311
Calculate the greatest common factor of 126 and 1548.
18
Calculate the highest common divisor of 1185 and 105.
15
Calculate the highest common divisor of 305 and 15.
5
Calculate the greatest common divisor of 273 and 42.
21
What is the highest common factor of 17 and 119?
17
Calculate the highest common factor of 16120 and 124.
124
Calculate the highest common divisor of 3852 and 27.
9
What is the greatest common divisor of 15 and 4215?
15
Calculate the greatest common factor of 4082 and 26.
26
What is the highest common factor of 105 and 756?
21
What is the greatest common factor of 4 and 36?
4
What is the greatest common factor of 645 and 6837?
129
Calculate the greatest common factor of 1240 and 4185.
155
Calculate the highest common factor of 30 and 18.
6
What is the highest common factor of 296 and 74?
74
Calculate the highest common divisor of 2516 and 884.
68
What is the greatest common factor of 120 and 50?
10
Calculate the greatest common factor of 25 and 725.
25
Calculate the greatest common divisor of 57 and 1311.
57
Calculate the highest common factor of 525 and 4557.
21
What is the greatest common factor of 1035 and 18?
9
What is the highest common factor of 154 and 616?
154
What is the greatest common divisor of 1900 and 57?
19
Calculate the greatest common factor of 8151 and 494.
247
What is the greatest common factor of 1671 and 3?
3
What is the greatest common divisor of 336 and 364?
28
Calculate the highest common factor of 18 and 2034.
18
What is the highest common divisor of 650 and 52?
26
What is the highest common divisor of 30 and 345?
15
Calculate the greatest common factor of 1165 and 7223.
233
What is the greatest common factor of 1632 and 68?
68
Calculate the greatest common divisor of 935 and 85.
85
Calculate the greatest common factor of 9 and 387.
9
What is the greatest common divisor of 20 and 610?
10
What is the highest common factor of 128 and 16?
16
What is the highest common divisor of 81 and 36?
9
Calculate the highest common divisor of 1190 and 6970.
170
Calculate the highest common divisor of 2304 and 18.
18
Calculate the highest common factor of 572 and 220.
44
Calculate the highest common factor of 28 and 1316.
28
What is the greatest common divisor of 15 and 43755?
15
Calculate the highest common factor of 171 and 19.
19
Calculate the highest common divisor of 92 and 212.
4
What is the highest common divisor of 11 and 121?
11
What is the greatest common factor of 4628 and 104?
52
What is the highest common factor of 738 and 774?
18
What is the greatest common divisor of 1400 and 2835?
35
What is the greatest common divisor of 88 and 72?
8
Calculate the greatest common divisor of 2958 and 204.
102
Calculate the highest common factor of 520 and 5460.
260
Calculate the highest common factor of 143 and 44.
11
Calculate the greatest common factor of 130 and 4498.
26
What is the greatest common divisor of 16 and 16?
16
Calculate the highest common factor of 623 and 1157.
89
What is the highest common factor of 154 and 88?
22
What is the greatest common divisor of 30 and 195?
15
What is the greatest common divisor of 1448 and 8507?
181
Calculate the highest common factor of 10 and 4870.
10
What is the greatest common factor of 335 and 55?
5
What is the highest common factor of 74 and 8473?
37
What is the greatest common divisor o